
{"id":12049,"date":"2023-08-08T10:13:07","date_gmt":"2023-08-08T13:13:07","guid":{"rendered":"https:\/\/mindkids.net\/novo\/?post_type=professores&#038;p=12049"},"modified":"2023-08-08T11:52:47","modified_gmt":"2023-08-08T14:52:47","slug":"miriam-garcia-brunstein","status":"publish","type":"professores","link":"https:\/\/mindkids.net\/novo\/professores\/miriam-garcia-brunstein\/","title":{"rendered":"Miriam Garcia Brunstein"},"content":{"rendered":"<p>M\u00e9dica psiquiatra e psicoterapeuta, UFRGS e Hospital de Cl\u00ednicas de Porto Alegre (HCPA). Mestrado em Cl\u00ednica M\u00e9dica e Doutorado em Bioqu\u00edmica, UFRGS. Atua em consult\u00f3rio e como m\u00e9dica contratada do Servi\u00e7o de Psiquiatria do HCPA. Praticante de Mindfulness desde 2018, forma\u00e7\u00e3o como Professora de Mindfulness por RespiraVida Breathworks desde 2020 e Mindfulness para Ambiente Escolar pela Mindkids em 2023. Desenvolve Mindfulness como pr\u00e1tica pessoal, integrando\u00a0 com a pr\u00e1tica m\u00e9dica, de psicoterapeuta e ministrando cursos.<\/p>\n","protected":false},"featured_media":12050,"template":"","meta":{"_links_to":"","_links_to_target":""},"bairro-professores":[],"yoast_head":"<!-- This site is optimized with the Yoast SEO plugin v24.5 - https:\/\/yoast.com\/wordpress\/plugins\/seo\/ -->\n<title>Miriam Garcia Brunstein - MindKids<\/title>\n<meta name=\"robots\" content=\"index, follow, max-snippet:-1, max-image-preview:large, max-video-preview:-1\" \/>\n<link rel=\"canonical\" href=\"https:\/\/mindkids.net\/novo\/professores\/miriam-garcia-brunstein\/\" \/>\n<meta property=\"og:locale\" content=\"pt_BR\" \/>\n<meta property=\"og:type\" content=\"article\" \/>\n<meta property=\"og:title\" content=\"Miriam Garcia Brunstein - MindKids\" \/>\n<meta property=\"og:description\" content=\"M\u00e9dica psiquiatra e psicoterapeuta, UFRGS e Hospital de Cl\u00ednicas de Porto Alegre (HCPA). Mestrado em Cl\u00ednica M\u00e9dica e Doutorado em Bioqu\u00edmica, UFRGS. Atua em consult\u00f3rio e como m\u00e9dica contratada do Servi\u00e7o de Psiquiatria do HCPA. Praticante de Mindfulness desde 2018, forma\u00e7\u00e3o como Professora de Mindfulness por RespiraVida Breathworks desde 2020 e Mindfulness para Ambiente Escolar [&hellip;]\" \/>\n<meta property=\"og:url\" content=\"https:\/\/mindkids.net\/novo\/professores\/miriam-garcia-brunstein\/\" \/>\n<meta property=\"og:site_name\" content=\"MindKids\" \/>\n<meta property=\"article:modified_time\" content=\"2023-08-08T14:52:47+00:00\" \/>\n<meta property=\"og:image\" content=\"https:\/\/mindkids.net\/novo\/wp-content\/uploads\/2023\/08\/image-Miriam-Garcia-Brunstein-mbrunstein-scaled.jpg\" \/>\n\t<meta property=\"og:image:width\" content=\"1920\" \/>\n\t<meta property=\"og:image:height\" content=\"2560\" \/>\n\t<meta property=\"og:image:type\" content=\"image\/jpeg\" \/>\n<meta name=\"twitter:card\" content=\"summary_large_image\" \/>\n<meta name=\"twitter:label1\" content=\"Est. tempo de leitura\" \/>\n\t<meta name=\"twitter:data1\" content=\"1 minuto\" \/>\n<script type=\"application\/ld+json\" class=\"yoast-schema-graph\">{\"@context\":\"https:\/\/schema.org\",\"@graph\":[{\"@type\":\"WebPage\",\"@id\":\"https:\/\/mindkids.net\/novo\/professores\/miriam-garcia-brunstein\/\",\"url\":\"https:\/\/mindkids.net\/novo\/professores\/miriam-garcia-brunstein\/\",\"name\":\"Miriam Garcia Brunstein - MindKids\",\"isPartOf\":{\"@id\":\"https:\/\/mindkids.net\/novo\/#website\"},\"primaryImageOfPage\":{\"@id\":\"https:\/\/mindkids.net\/novo\/professores\/miriam-garcia-brunstein\/#primaryimage\"},\"image\":{\"@id\":\"https:\/\/mindkids.net\/novo\/professores\/miriam-garcia-brunstein\/#primaryimage\"},\"thumbnailUrl\":\"https:\/\/mindkids.net\/novo\/wp-content\/uploads\/2023\/08\/image-Miriam-Garcia-Brunstein-mbrunstein-scaled.jpg\",\"datePublished\":\"2023-08-08T13:13:07+00:00\",\"dateModified\":\"2023-08-08T14:52:47+00:00\",\"breadcrumb\":{\"@id\":\"https:\/\/mindkids.net\/novo\/professores\/miriam-garcia-brunstein\/#breadcrumb\"},\"inLanguage\":\"pt-BR\",\"potentialAction\":[{\"@type\":\"ReadAction\",\"target\":[\"https:\/\/mindkids.net\/novo\/professores\/miriam-garcia-brunstein\/\"]}]},{\"@type\":\"ImageObject\",\"inLanguage\":\"pt-BR\",\"@id\":\"https:\/\/mindkids.net\/novo\/professores\/miriam-garcia-brunstein\/#primaryimage\",\"url\":\"https:\/\/mindkids.net\/novo\/wp-content\/uploads\/2023\/08\/image-Miriam-Garcia-Brunstein-mbrunstein-scaled.jpg\",\"contentUrl\":\"https:\/\/mindkids.net\/novo\/wp-content\/uploads\/2023\/08\/image-Miriam-Garcia-Brunstein-mbrunstein-scaled.jpg\",\"width\":1920,\"height\":2560},{\"@type\":\"BreadcrumbList\",\"@id\":\"https:\/\/mindkids.net\/novo\/professores\/miriam-garcia-brunstein\/#breadcrumb\",\"itemListElement\":[{\"@type\":\"ListItem\",\"position\":1,\"name\":\"In\u00edcio\",\"item\":\"https:\/\/mindkids.net\/novo\/\"},{\"@type\":\"ListItem\",\"position\":2,\"name\":\"Professores\",\"item\":\"https:\/\/mindkids.net\/novo\/professores\/\"},{\"@type\":\"ListItem\",\"position\":3,\"name\":\"Miriam Garcia Brunstein\"}]},{\"@type\":\"WebSite\",\"@id\":\"https:\/\/mindkids.net\/novo\/#website\",\"url\":\"https:\/\/mindkids.net\/novo\/\",\"name\":\"MindKids\",\"description\":\"\",\"potentialAction\":[{\"@type\":\"SearchAction\",\"target\":{\"@type\":\"EntryPoint\",\"urlTemplate\":\"https:\/\/mindkids.net\/novo\/?s={search_term_string}\"},\"query-input\":{\"@type\":\"PropertyValueSpecification\",\"valueRequired\":true,\"valueName\":\"search_term_string\"}}],\"inLanguage\":\"pt-BR\"}]}<\/script>\n<!-- \/ Yoast SEO plugin. -->","yoast_head_json":{"title":"Miriam Garcia Brunstein - MindKids","robots":{"index":"index","follow":"follow","max-snippet":"max-snippet:-1","max-image-preview":"max-image-preview:large","max-video-preview":"max-video-preview:-1"},"canonical":"https:\/\/mindkids.net\/novo\/professores\/miriam-garcia-brunstein\/","og_locale":"pt_BR","og_type":"article","og_title":"Miriam Garcia Brunstein - MindKids","og_description":"M\u00e9dica psiquiatra e psicoterapeuta, UFRGS e Hospital de Cl\u00ednicas de Porto Alegre (HCPA). Mestrado em Cl\u00ednica M\u00e9dica e Doutorado em Bioqu\u00edmica, UFRGS. Atua em consult\u00f3rio e como m\u00e9dica contratada do Servi\u00e7o de Psiquiatria do HCPA. Praticante de Mindfulness desde 2018, forma\u00e7\u00e3o como Professora de Mindfulness por RespiraVida Breathworks desde 2020 e Mindfulness para Ambiente Escolar [&hellip;]","og_url":"https:\/\/mindkids.net\/novo\/professores\/miriam-garcia-brunstein\/","og_site_name":"MindKids","article_modified_time":"2023-08-08T14:52:47+00:00","og_image":[{"width":1920,"height":2560,"url":"https:\/\/mindkids.net\/novo\/wp-content\/uploads\/2023\/08\/image-Miriam-Garcia-Brunstein-mbrunstein-scaled.jpg","type":"image\/jpeg"}],"twitter_card":"summary_large_image","twitter_misc":{"Est. tempo de leitura":"1 minuto"},"schema":{"@context":"https:\/\/schema.org","@graph":[{"@type":"WebPage","@id":"https:\/\/mindkids.net\/novo\/professores\/miriam-garcia-brunstein\/","url":"https:\/\/mindkids.net\/novo\/professores\/miriam-garcia-brunstein\/","name":"Miriam Garcia Brunstein - MindKids","isPartOf":{"@id":"https:\/\/mindkids.net\/novo\/#website"},"primaryImageOfPage":{"@id":"https:\/\/mindkids.net\/novo\/professores\/miriam-garcia-brunstein\/#primaryimage"},"image":{"@id":"https:\/\/mindkids.net\/novo\/professores\/miriam-garcia-brunstein\/#primaryimage"},"thumbnailUrl":"https:\/\/mindkids.net\/novo\/wp-content\/uploads\/2023\/08\/image-Miriam-Garcia-Brunstein-mbrunstein-scaled.jpg","datePublished":"2023-08-08T13:13:07+00:00","dateModified":"2023-08-08T14:52:47+00:00","breadcrumb":{"@id":"https:\/\/mindkids.net\/novo\/professores\/miriam-garcia-brunstein\/#breadcrumb"},"inLanguage":"pt-BR","potentialAction":[{"@type":"ReadAction","target":["https:\/\/mindkids.net\/novo\/professores\/miriam-garcia-brunstein\/"]}]},{"@type":"ImageObject","inLanguage":"pt-BR","@id":"https:\/\/mindkids.net\/novo\/professores\/miriam-garcia-brunstein\/#primaryimage","url":"https:\/\/mindkids.net\/novo\/wp-content\/uploads\/2023\/08\/image-Miriam-Garcia-Brunstein-mbrunstein-scaled.jpg","contentUrl":"https:\/\/mindkids.net\/novo\/wp-content\/uploads\/2023\/08\/image-Miriam-Garcia-Brunstein-mbrunstein-scaled.jpg","width":1920,"height":2560},{"@type":"BreadcrumbList","@id":"https:\/\/mindkids.net\/novo\/professores\/miriam-garcia-brunstein\/#breadcrumb","itemListElement":[{"@type":"ListItem","position":1,"name":"In\u00edcio","item":"https:\/\/mindkids.net\/novo\/"},{"@type":"ListItem","position":2,"name":"Professores","item":"https:\/\/mindkids.net\/novo\/professores\/"},{"@type":"ListItem","position":3,"name":"Miriam Garcia Brunstein"}]},{"@type":"WebSite","@id":"https:\/\/mindkids.net\/novo\/#website","url":"https:\/\/mindkids.net\/novo\/","name":"MindKids","description":"","potentialAction":[{"@type":"SearchAction","target":{"@type":"EntryPoint","urlTemplate":"https:\/\/mindkids.net\/novo\/?s={search_term_string}"},"query-input":{"@type":"PropertyValueSpecification","valueRequired":true,"valueName":"search_term_string"}}],"inLanguage":"pt-BR"}]}},"_links":{"self":[{"href":"https:\/\/mindkids.net\/novo\/wp-json\/wp\/v2\/professores\/12049"}],"collection":[{"href":"https:\/\/mindkids.net\/novo\/wp-json\/wp\/v2\/professores"}],"about":[{"href":"https:\/\/mindkids.net\/novo\/wp-json\/wp\/v2\/types\/professores"}],"wp:featuredmedia":[{"embeddable":true,"href":"https:\/\/mindkids.net\/novo\/wp-json\/wp\/v2\/media\/12050"}],"wp:attachment":[{"href":"https:\/\/mindkids.net\/novo\/wp-json\/wp\/v2\/media?parent=12049"}],"wp:term":[{"taxonomy":"bairro-professores","embeddable":true,"href":"https:\/\/mindkids.net\/novo\/wp-json\/wp\/v2\/bairro-professores?post=12049"}],"curies":[{"name":"wp","href":"https:\/\/api.w.org\/{rel}","templated":true}]}}

<p>Médica psiquiatra e psicoterapeuta, UFRGS e Hospital de Clínicas de Porto Alegre (HCPA). Mestrado em Clínica Médica e Doutorado em Bioquímica, UFRGS. Atua em consultório e como médica contratada do Serviço de Psiquiatria do HCPA. Praticante de Mindfulness desde 2018, formação como Professora de Mindfulness por RespiraVida Breathworks desde 2020 e Mindfulness para Ambiente Escolar pela Mindkids em 2023. Desenvolve Mindfulness como prática pessoal, integrando  com a prática médica, de psicoterapeuta e ministrando cursos.</p>

<!-- This site is optimized with the Yoast SEO plugin v24.5 - https://yoast.com/wordpress/plugins/seo/ -->
<title>Miriam Garcia Brunstein - MindKids</title>
<meta name="robots" content="index, follow, max-snippet:-1, max-image-preview:large, max-video-preview:-1" />
<link rel="canonical" href="https://mindkids.net/novo/professores/miriam-garcia-brunstein/" />
<meta property="og:locale" content="pt_BR" />
<meta property="og:type" content="article" />
<meta property="og:title" content="Miriam Garcia Brunstein - MindKids" />
<meta property="og:description" content="Médica psiquiatra e psicoterapeuta, UFRGS e Hospital de Clínicas de Porto Alegre (HCPA). Mestrado em Clínica Médica e Doutorado em Bioquímica, UFRGS. Atua em consultório e como médica contratada do Serviço de Psiquiatria do HCPA. Praticante de Mindfulness desde 2018, formação como Professora de Mindfulness por RespiraVida Breathworks desde 2020 e Mindfulness para Ambiente Escolar [&hellip;]" />
<meta property="og:url" content="https://mindkids.net/novo/professores/miriam-garcia-brunstein/" />
<meta property="og:site_name" content="MindKids" />
<meta property="article:modified_time" content="2023-08-08T14:52:47+00:00" />
<meta property="og:image" content="https://mindkids.net/novo/wp-content/uploads/2023/08/image-Miriam-Garcia-Brunstein-mbrunstein-scaled.jpg" />
	<meta property="og:image:width" content="1920" />
	<meta property="og:image:height" content="2560" />
	<meta property="og:image:type" content="image/jpeg" />
<meta name="twitter:card" content="summary_large_image" />
<meta name="twitter:label1" content="Est. tempo de leitura" />
	<meta name="twitter:data1" content="1 minuto" />
<script type="application/ld+json" class="yoast-schema-graph">{"@context":"https://schema.org","@graph":[{"@type":"WebPage","@id":"https://mindkids.net/novo/professores/miriam-garcia-brunstein/","url":"https://mindkids.net/novo/professores/miriam-garcia-brunstein/","name":"Miriam Garcia Brunstein - MindKids","isPartOf":{"@id":"https://mindkids.net/novo/#website"},"primaryImageOfPage":{"@id":"https://mindkids.net/novo/professores/miriam-garcia-brunstein/#primaryimage"},"image":{"@id":"https://mindkids.net/novo/professores/miriam-garcia-brunstein/#primaryimage"},"thumbnailUrl":"https://mindkids.net/novo/wp-content/uploads/2023/08/image-Miriam-Garcia-Brunstein-mbrunstein-scaled.jpg","datePublished":"2023-08-08T13:13:07+00:00","dateModified":"2023-08-08T14:52:47+00:00","breadcrumb":{"@id":"https://mindkids.net/novo/professores/miriam-garcia-brunstein/#breadcrumb"},"inLanguage":"pt-BR","potentialAction":[{"@type":"ReadAction","target":["https://mindkids.net/novo/professores/miriam-garcia-brunstein/"]}]},{"@type":"ImageObject","inLanguage":"pt-BR","@id":"https://mindkids.net/novo/professores/miriam-garcia-brunstein/#primaryimage","url":"https://mindkids.net/novo/wp-content/uploads/2023/08/image-Miriam-Garcia-Brunstein-mbrunstein-scaled.jpg","contentUrl":"https://mindkids.net/novo/wp-content/uploads/2023/08/image-Miriam-Garcia-Brunstein-mbrunstein-scaled.jpg","width":1920,"height":2560},{"@type":"BreadcrumbList","@id":"https://mindkids.net/novo/professores/miriam-garcia-brunstein/#breadcrumb","itemListElement":[{"@type":"ListItem","position":1,"name":"Início","item":"https://mindkids.net/novo/"},{"@type":"ListItem","position":2,"name":"Professores","item":"https://mindkids.net/novo/professores/"},{"@type":"ListItem","position":3,"name":"Miriam Garcia Brunstein"}]},{"@type":"WebSite","@id":"https://mindkids.net/novo/#website","url":"https://mindkids.net/novo/","name":"MindKids","description":"","potentialAction":[{"@type":"SearchAction","target":{"@type":"EntryPoint","urlTemplate":"https://mindkids.net/novo/?s={search_term_string}"},"query-input":{"@type":"PropertyValueSpecification","valueRequired":true,"valueName":"search_term_string"}}],"inLanguage":"pt-BR"}]}</script>
<!-- / Yoast SEO plugin. -->

Médica psiquiatra e psicoterapeuta, UFRGS e Hospital de Clínicas de Porto Alegre (HCPA). Mestrado em Clínica Médica e Doutorado em Bioquímica, UFRGS. Atua em consultório e como médica contratada do Serviço de Psiquiatria do HCPA. Praticante de Mindfulness desde 2018, formação como Professora de Mindfulness por RespiraVida Breathworks desde 2020 e Mindfulness para Ambiente Escolar [&hellip;]

Início
