
{"id":11473,"date":"2023-02-06T08:45:55","date_gmt":"2023-02-06T11:45:55","guid":{"rendered":"https:\/\/mindkids.net\/novo\/?post_type=professores&#038;p=11473"},"modified":"2023-02-06T08:51:36","modified_gmt":"2023-02-06T11:51:36","slug":"conceicao-aparecida-simao-de-almeida","status":"publish","type":"professores","link":"https:\/\/mindkids.net\/novo\/professores\/conceicao-aparecida-simao-de-almeida\/","title":{"rendered":"Concei\u00e7\u00e3o Aparecida Sim\u00e3o de Almeida"},"content":{"rendered":"<p>Psic\u00f3loga, Especialista em Cl\u00ednica e em Neuropsicologia. Atua como Instrutora de Mindfulness formada pela MTI (Mindfulness Trainings International) para atender adultos, e pela <em>Mindkids<\/em> &#8211; crian\u00e7as e adolescentes. Participa em grupos de estudo, aprofundamento e retiros, e nos cursos de Aprendizagem SEE (Social, Emocional e \u00c9tica) e Viver Compassivamente Baseado em Mindfulness (MBCL). Sua busca, neste momento, est\u00e1 em experienciar e levar tranquilidade, aceita\u00e7\u00e3o consciente, olhar de principiante, aten\u00e7\u00e3o ao momento presente, com coer\u00eancia aos valores e prop\u00f3sitos de vida, com compaix\u00e3o.<\/p>\n","protected":false},"featured_media":11474,"template":"","meta":{"_links_to":"","_links_to_target":""},"bairro-professores":[],"yoast_head":"<!-- This site is optimized with the Yoast SEO plugin v24.5 - https:\/\/yoast.com\/wordpress\/plugins\/seo\/ -->\n<title>Concei\u00e7\u00e3o Aparecida Sim\u00e3o de Almeida - MindKids<\/title>\n<meta name=\"robots\" content=\"index, follow, max-snippet:-1, max-image-preview:large, max-video-preview:-1\" \/>\n<link rel=\"canonical\" href=\"https:\/\/mindkids.net\/novo\/professores\/conceicao-aparecida-simao-de-almeida\/\" \/>\n<meta property=\"og:locale\" content=\"pt_BR\" \/>\n<meta property=\"og:type\" content=\"article\" \/>\n<meta property=\"og:title\" content=\"Concei\u00e7\u00e3o Aparecida Sim\u00e3o de Almeida - MindKids\" \/>\n<meta property=\"og:description\" content=\"Psic\u00f3loga, Especialista em Cl\u00ednica e em Neuropsicologia. Atua como Instrutora de Mindfulness formada pela MTI (Mindfulness Trainings International) para atender adultos, e pela Mindkids &#8211; crian\u00e7as e adolescentes. Participa em grupos de estudo, aprofundamento e retiros, e nos cursos de Aprendizagem SEE (Social, Emocional e \u00c9tica) e Viver Compassivamente Baseado em Mindfulness (MBCL). Sua busca, [&hellip;]\" \/>\n<meta property=\"og:url\" content=\"https:\/\/mindkids.net\/novo\/professores\/conceicao-aparecida-simao-de-almeida\/\" \/>\n<meta property=\"og:site_name\" content=\"MindKids\" \/>\n<meta property=\"article:modified_time\" content=\"2023-02-06T11:51:36+00:00\" \/>\n<meta property=\"og:image\" content=\"https:\/\/mindkids.net\/novo\/wp-content\/uploads\/2023\/02\/Conceicao-Simao.png\" \/>\n\t<meta property=\"og:image:width\" content=\"470\" \/>\n\t<meta property=\"og:image:height\" content=\"540\" \/>\n\t<meta property=\"og:image:type\" content=\"image\/png\" \/>\n<meta name=\"twitter:card\" content=\"summary_large_image\" \/>\n<meta name=\"twitter:label1\" content=\"Est. tempo de leitura\" \/>\n\t<meta name=\"twitter:data1\" content=\"1 minuto\" \/>\n<script type=\"application\/ld+json\" class=\"yoast-schema-graph\">{\"@context\":\"https:\/\/schema.org\",\"@graph\":[{\"@type\":\"WebPage\",\"@id\":\"https:\/\/mindkids.net\/novo\/professores\/conceicao-aparecida-simao-de-almeida\/\",\"url\":\"https:\/\/mindkids.net\/novo\/professores\/conceicao-aparecida-simao-de-almeida\/\",\"name\":\"Concei\u00e7\u00e3o Aparecida Sim\u00e3o de Almeida - MindKids\",\"isPartOf\":{\"@id\":\"https:\/\/mindkids.net\/novo\/#website\"},\"primaryImageOfPage\":{\"@id\":\"https:\/\/mindkids.net\/novo\/professores\/conceicao-aparecida-simao-de-almeida\/#primaryimage\"},\"image\":{\"@id\":\"https:\/\/mindkids.net\/novo\/professores\/conceicao-aparecida-simao-de-almeida\/#primaryimage\"},\"thumbnailUrl\":\"https:\/\/mindkids.net\/novo\/wp-content\/uploads\/2023\/02\/Conceicao-Simao.png\",\"datePublished\":\"2023-02-06T11:45:55+00:00\",\"dateModified\":\"2023-02-06T11:51:36+00:00\",\"breadcrumb\":{\"@id\":\"https:\/\/mindkids.net\/novo\/professores\/conceicao-aparecida-simao-de-almeida\/#breadcrumb\"},\"inLanguage\":\"pt-BR\",\"potentialAction\":[{\"@type\":\"ReadAction\",\"target\":[\"https:\/\/mindkids.net\/novo\/professores\/conceicao-aparecida-simao-de-almeida\/\"]}]},{\"@type\":\"ImageObject\",\"inLanguage\":\"pt-BR\",\"@id\":\"https:\/\/mindkids.net\/novo\/professores\/conceicao-aparecida-simao-de-almeida\/#primaryimage\",\"url\":\"https:\/\/mindkids.net\/novo\/wp-content\/uploads\/2023\/02\/Conceicao-Simao.png\",\"contentUrl\":\"https:\/\/mindkids.net\/novo\/wp-content\/uploads\/2023\/02\/Conceicao-Simao.png\",\"width\":470,\"height\":540},{\"@type\":\"BreadcrumbList\",\"@id\":\"https:\/\/mindkids.net\/novo\/professores\/conceicao-aparecida-simao-de-almeida\/#breadcrumb\",\"itemListElement\":[{\"@type\":\"ListItem\",\"position\":1,\"name\":\"In\u00edcio\",\"item\":\"https:\/\/mindkids.net\/novo\/\"},{\"@type\":\"ListItem\",\"position\":2,\"name\":\"Professores\",\"item\":\"https:\/\/mindkids.net\/novo\/professores\/\"},{\"@type\":\"ListItem\",\"position\":3,\"name\":\"Concei\u00e7\u00e3o Aparecida Sim\u00e3o de Almeida\"}]},{\"@type\":\"WebSite\",\"@id\":\"https:\/\/mindkids.net\/novo\/#website\",\"url\":\"https:\/\/mindkids.net\/novo\/\",\"name\":\"MindKids\",\"description\":\"\",\"potentialAction\":[{\"@type\":\"SearchAction\",\"target\":{\"@type\":\"EntryPoint\",\"urlTemplate\":\"https:\/\/mindkids.net\/novo\/?s={search_term_string}\"},\"query-input\":{\"@type\":\"PropertyValueSpecification\",\"valueRequired\":true,\"valueName\":\"search_term_string\"}}],\"inLanguage\":\"pt-BR\"}]}<\/script>\n<!-- \/ Yoast SEO plugin. -->","yoast_head_json":{"title":"Concei\u00e7\u00e3o Aparecida Sim\u00e3o de Almeida - MindKids","robots":{"index":"index","follow":"follow","max-snippet":"max-snippet:-1","max-image-preview":"max-image-preview:large","max-video-preview":"max-video-preview:-1"},"canonical":"https:\/\/mindkids.net\/novo\/professores\/conceicao-aparecida-simao-de-almeida\/","og_locale":"pt_BR","og_type":"article","og_title":"Concei\u00e7\u00e3o Aparecida Sim\u00e3o de Almeida - MindKids","og_description":"Psic\u00f3loga, Especialista em Cl\u00ednica e em Neuropsicologia. Atua como Instrutora de Mindfulness formada pela MTI (Mindfulness Trainings International) para atender adultos, e pela Mindkids &#8211; crian\u00e7as e adolescentes. Participa em grupos de estudo, aprofundamento e retiros, e nos cursos de Aprendizagem SEE (Social, Emocional e \u00c9tica) e Viver Compassivamente Baseado em Mindfulness (MBCL). Sua busca, [&hellip;]","og_url":"https:\/\/mindkids.net\/novo\/professores\/conceicao-aparecida-simao-de-almeida\/","og_site_name":"MindKids","article_modified_time":"2023-02-06T11:51:36+00:00","og_image":[{"width":470,"height":540,"url":"https:\/\/mindkids.net\/novo\/wp-content\/uploads\/2023\/02\/Conceicao-Simao.png","type":"image\/png"}],"twitter_card":"summary_large_image","twitter_misc":{"Est. tempo de leitura":"1 minuto"},"schema":{"@context":"https:\/\/schema.org","@graph":[{"@type":"WebPage","@id":"https:\/\/mindkids.net\/novo\/professores\/conceicao-aparecida-simao-de-almeida\/","url":"https:\/\/mindkids.net\/novo\/professores\/conceicao-aparecida-simao-de-almeida\/","name":"Concei\u00e7\u00e3o Aparecida Sim\u00e3o de Almeida - MindKids","isPartOf":{"@id":"https:\/\/mindkids.net\/novo\/#website"},"primaryImageOfPage":{"@id":"https:\/\/mindkids.net\/novo\/professores\/conceicao-aparecida-simao-de-almeida\/#primaryimage"},"image":{"@id":"https:\/\/mindkids.net\/novo\/professores\/conceicao-aparecida-simao-de-almeida\/#primaryimage"},"thumbnailUrl":"https:\/\/mindkids.net\/novo\/wp-content\/uploads\/2023\/02\/Conceicao-Simao.png","datePublished":"2023-02-06T11:45:55+00:00","dateModified":"2023-02-06T11:51:36+00:00","breadcrumb":{"@id":"https:\/\/mindkids.net\/novo\/professores\/conceicao-aparecida-simao-de-almeida\/#breadcrumb"},"inLanguage":"pt-BR","potentialAction":[{"@type":"ReadAction","target":["https:\/\/mindkids.net\/novo\/professores\/conceicao-aparecida-simao-de-almeida\/"]}]},{"@type":"ImageObject","inLanguage":"pt-BR","@id":"https:\/\/mindkids.net\/novo\/professores\/conceicao-aparecida-simao-de-almeida\/#primaryimage","url":"https:\/\/mindkids.net\/novo\/wp-content\/uploads\/2023\/02\/Conceicao-Simao.png","contentUrl":"https:\/\/mindkids.net\/novo\/wp-content\/uploads\/2023\/02\/Conceicao-Simao.png","width":470,"height":540},{"@type":"BreadcrumbList","@id":"https:\/\/mindkids.net\/novo\/professores\/conceicao-aparecida-simao-de-almeida\/#breadcrumb","itemListElement":[{"@type":"ListItem","position":1,"name":"In\u00edcio","item":"https:\/\/mindkids.net\/novo\/"},{"@type":"ListItem","position":2,"name":"Professores","item":"https:\/\/mindkids.net\/novo\/professores\/"},{"@type":"ListItem","position":3,"name":"Concei\u00e7\u00e3o Aparecida Sim\u00e3o de Almeida"}]},{"@type":"WebSite","@id":"https:\/\/mindkids.net\/novo\/#website","url":"https:\/\/mindkids.net\/novo\/","name":"MindKids","description":"","potentialAction":[{"@type":"SearchAction","target":{"@type":"EntryPoint","urlTemplate":"https:\/\/mindkids.net\/novo\/?s={search_term_string}"},"query-input":{"@type":"PropertyValueSpecification","valueRequired":true,"valueName":"search_term_string"}}],"inLanguage":"pt-BR"}]}},"_links":{"self":[{"href":"https:\/\/mindkids.net\/novo\/wp-json\/wp\/v2\/professores\/11473"}],"collection":[{"href":"https:\/\/mindkids.net\/novo\/wp-json\/wp\/v2\/professores"}],"about":[{"href":"https:\/\/mindkids.net\/novo\/wp-json\/wp\/v2\/types\/professores"}],"wp:featuredmedia":[{"embeddable":true,"href":"https:\/\/mindkids.net\/novo\/wp-json\/wp\/v2\/media\/11474"}],"wp:attachment":[{"href":"https:\/\/mindkids.net\/novo\/wp-json\/wp\/v2\/media?parent=11473"}],"wp:term":[{"taxonomy":"bairro-professores","embeddable":true,"href":"https:\/\/mindkids.net\/novo\/wp-json\/wp\/v2\/bairro-professores?post=11473"}],"curies":[{"name":"wp","href":"https:\/\/api.w.org\/{rel}","templated":true}]}}

Conceição Aparecida Simão de Almeida

<p>Psicóloga, Especialista em Clínica e em Neuropsicologia. Atua como Instrutora de Mindfulness formada pela MTI (Mindfulness Trainings International) para atender adultos, e pela <em>Mindkids</em> &#8211; crianças e adolescentes. Participa em grupos de estudo, aprofundamento e retiros, e nos cursos de Aprendizagem SEE (Social, Emocional e Ética) e Viver Compassivamente Baseado em Mindfulness (MBCL). Sua busca, neste momento, está em experienciar e levar tranquilidade, aceitação consciente, olhar de principiante, atenção ao momento presente, com coerência aos valores e propósitos de vida, com compaixão.</p>

<!-- This site is optimized with the Yoast SEO plugin v24.5 - https://yoast.com/wordpress/plugins/seo/ -->
<title>Conceição Aparecida Simão de Almeida - MindKids</title>
<meta name="robots" content="index, follow, max-snippet:-1, max-image-preview:large, max-video-preview:-1" />
<link rel="canonical" href="https://mindkids.net/novo/professores/conceicao-aparecida-simao-de-almeida/" />
<meta property="og:locale" content="pt_BR" />
<meta property="og:type" content="article" />
<meta property="og:title" content="Conceição Aparecida Simão de Almeida - MindKids" />
<meta property="og:description" content="Psicóloga, Especialista em Clínica e em Neuropsicologia. Atua como Instrutora de Mindfulness formada pela MTI (Mindfulness Trainings International) para atender adultos, e pela Mindkids &#8211; crianças e adolescentes. Participa em grupos de estudo, aprofundamento e retiros, e nos cursos de Aprendizagem SEE (Social, Emocional e Ética) e Viver Compassivamente Baseado em Mindfulness (MBCL). Sua busca, [&hellip;]" />
<meta property="og:url" content="https://mindkids.net/novo/professores/conceicao-aparecida-simao-de-almeida/" />
<meta property="og:site_name" content="MindKids" />
<meta property="article:modified_time" content="2023-02-06T11:51:36+00:00" />
<meta property="og:image" content="https://mindkids.net/novo/wp-content/uploads/2023/02/Conceicao-Simao.png" />
	<meta property="og:image:width" content="470" />
	<meta property="og:image:height" content="540" />
	<meta property="og:image:type" content="image/png" />
<meta name="twitter:card" content="summary_large_image" />
<meta name="twitter:label1" content="Est. tempo de leitura" />
	<meta name="twitter:data1" content="1 minuto" />
<script type="application/ld+json" class="yoast-schema-graph">{"@context":"https://schema.org","@graph":[{"@type":"WebPage","@id":"https://mindkids.net/novo/professores/conceicao-aparecida-simao-de-almeida/","url":"https://mindkids.net/novo/professores/conceicao-aparecida-simao-de-almeida/","name":"Conceição Aparecida Simão de Almeida - MindKids","isPartOf":{"@id":"https://mindkids.net/novo/#website"},"primaryImageOfPage":{"@id":"https://mindkids.net/novo/professores/conceicao-aparecida-simao-de-almeida/#primaryimage"},"image":{"@id":"https://mindkids.net/novo/professores/conceicao-aparecida-simao-de-almeida/#primaryimage"},"thumbnailUrl":"https://mindkids.net/novo/wp-content/uploads/2023/02/Conceicao-Simao.png","datePublished":"2023-02-06T11:45:55+00:00","dateModified":"2023-02-06T11:51:36+00:00","breadcrumb":{"@id":"https://mindkids.net/novo/professores/conceicao-aparecida-simao-de-almeida/#breadcrumb"},"inLanguage":"pt-BR","potentialAction":[{"@type":"ReadAction","target":["https://mindkids.net/novo/professores/conceicao-aparecida-simao-de-almeida/"]}]},{"@type":"ImageObject","inLanguage":"pt-BR","@id":"https://mindkids.net/novo/professores/conceicao-aparecida-simao-de-almeida/#primaryimage","url":"https://mindkids.net/novo/wp-content/uploads/2023/02/Conceicao-Simao.png","contentUrl":"https://mindkids.net/novo/wp-content/uploads/2023/02/Conceicao-Simao.png","width":470,"height":540},{"@type":"BreadcrumbList","@id":"https://mindkids.net/novo/professores/conceicao-aparecida-simao-de-almeida/#breadcrumb","itemListElement":[{"@type":"ListItem","position":1,"name":"Início","item":"https://mindkids.net/novo/"},{"@type":"ListItem","position":2,"name":"Professores","item":"https://mindkids.net/novo/professores/"},{"@type":"ListItem","position":3,"name":"Conceição Aparecida Simão de Almeida"}]},{"@type":"WebSite","@id":"https://mindkids.net/novo/#website","url":"https://mindkids.net/novo/","name":"MindKids","description":"","potentialAction":[{"@type":"SearchAction","target":{"@type":"EntryPoint","urlTemplate":"https://mindkids.net/novo/?s={search_term_string}"},"query-input":{"@type":"PropertyValueSpecification","valueRequired":true,"valueName":"search_term_string"}}],"inLanguage":"pt-BR"}]}</script>
<!-- / Yoast SEO plugin. -->

Conceição Aparecida Simão de Almeida - MindKids

Psicóloga, Especialista em Clínica e em Neuropsicologia. Atua como Instrutora de Mindfulness formada pela MTI (Mindfulness Trainings International) para atender adultos, e pela Mindkids &#8211; crianças e adolescentes. Participa em grupos de estudo, aprofundamento e retiros, e nos cursos de Aprendizagem SEE (Social, Emocional e Ética) e Viver Compassivamente Baseado em Mindfulness (MBCL). Sua busca, [&hellip;]

Início
