
{"id":11380,"date":"2023-01-17T13:37:25","date_gmt":"2023-01-17T16:37:25","guid":{"rendered":"https:\/\/mindkids.net\/novo\/?post_type=professores&#038;p=11380"},"modified":"2023-01-17T13:48:47","modified_gmt":"2023-01-17T16:48:47","slug":"alline-lyra-santana","status":"publish","type":"professores","link":"https:\/\/mindkids.net\/novo\/professores\/alline-lyra-santana\/","title":{"rendered":"Alline Lyra Santana"},"content":{"rendered":"<p>Terapeuta Complementar, Psicoterapeuta Hol\u00edstica e Terapeuta Metaf\u00edsica. Praticante de medita\u00e7\u00e3o e Mindfulness a mais de 10 anos. Formada em Mindfulness para crian\u00e7as e adolescentes pela <em>Mindkids<\/em>. Acredito que a mudan\u00e7a que queremos est\u00e1 ao alcance de uma respira\u00e7\u00e3o.<\/p>\n","protected":false},"featured_media":11381,"template":"","meta":{"_links_to":"","_links_to_target":""},"bairro-professores":[],"yoast_head":"<!-- This site is optimized with the Yoast SEO plugin v24.5 - https:\/\/yoast.com\/wordpress\/plugins\/seo\/ -->\n<title>Alline Lyra Santana - MindKids<\/title>\n<meta name=\"robots\" content=\"index, follow, max-snippet:-1, max-image-preview:large, max-video-preview:-1\" \/>\n<link rel=\"canonical\" href=\"https:\/\/mindkids.net\/novo\/professores\/alline-lyra-santana\/\" \/>\n<meta property=\"og:locale\" content=\"pt_BR\" \/>\n<meta property=\"og:type\" content=\"article\" \/>\n<meta property=\"og:title\" content=\"Alline Lyra Santana - MindKids\" \/>\n<meta property=\"og:description\" content=\"Terapeuta Complementar, Psicoterapeuta Hol\u00edstica e Terapeuta Metaf\u00edsica. Praticante de medita\u00e7\u00e3o e Mindfulness a mais de 10 anos. Formada em Mindfulness para crian\u00e7as e adolescentes pela Mindkids. Acredito que a mudan\u00e7a que queremos est\u00e1 ao alcance de uma respira\u00e7\u00e3o.\" \/>\n<meta property=\"og:url\" content=\"https:\/\/mindkids.net\/novo\/professores\/alline-lyra-santana\/\" \/>\n<meta property=\"og:site_name\" content=\"MindKids\" \/>\n<meta property=\"article:modified_time\" content=\"2023-01-17T16:48:47+00:00\" \/>\n<meta property=\"og:image\" content=\"https:\/\/mindkids.net\/novo\/wp-content\/uploads\/2023\/01\/Alline-Santana.jpg\" \/>\n\t<meta property=\"og:image:width\" content=\"972\" \/>\n\t<meta property=\"og:image:height\" content=\"1460\" \/>\n\t<meta property=\"og:image:type\" content=\"image\/jpeg\" \/>\n<meta name=\"twitter:card\" content=\"summary_large_image\" \/>\n<meta name=\"twitter:label1\" content=\"Est. tempo de leitura\" \/>\n\t<meta name=\"twitter:data1\" content=\"1 minuto\" \/>\n<script type=\"application\/ld+json\" class=\"yoast-schema-graph\">{\"@context\":\"https:\/\/schema.org\",\"@graph\":[{\"@type\":\"WebPage\",\"@id\":\"https:\/\/mindkids.net\/novo\/professores\/alline-lyra-santana\/\",\"url\":\"https:\/\/mindkids.net\/novo\/professores\/alline-lyra-santana\/\",\"name\":\"Alline Lyra Santana - MindKids\",\"isPartOf\":{\"@id\":\"https:\/\/mindkids.net\/novo\/#website\"},\"primaryImageOfPage\":{\"@id\":\"https:\/\/mindkids.net\/novo\/professores\/alline-lyra-santana\/#primaryimage\"},\"image\":{\"@id\":\"https:\/\/mindkids.net\/novo\/professores\/alline-lyra-santana\/#primaryimage\"},\"thumbnailUrl\":\"https:\/\/mindkids.net\/novo\/wp-content\/uploads\/2023\/01\/Alline-Santana.jpg\",\"datePublished\":\"2023-01-17T16:37:25+00:00\",\"dateModified\":\"2023-01-17T16:48:47+00:00\",\"breadcrumb\":{\"@id\":\"https:\/\/mindkids.net\/novo\/professores\/alline-lyra-santana\/#breadcrumb\"},\"inLanguage\":\"pt-BR\",\"potentialAction\":[{\"@type\":\"ReadAction\",\"target\":[\"https:\/\/mindkids.net\/novo\/professores\/alline-lyra-santana\/\"]}]},{\"@type\":\"ImageObject\",\"inLanguage\":\"pt-BR\",\"@id\":\"https:\/\/mindkids.net\/novo\/professores\/alline-lyra-santana\/#primaryimage\",\"url\":\"https:\/\/mindkids.net\/novo\/wp-content\/uploads\/2023\/01\/Alline-Santana.jpg\",\"contentUrl\":\"https:\/\/mindkids.net\/novo\/wp-content\/uploads\/2023\/01\/Alline-Santana.jpg\",\"width\":972,\"height\":1460},{\"@type\":\"BreadcrumbList\",\"@id\":\"https:\/\/mindkids.net\/novo\/professores\/alline-lyra-santana\/#breadcrumb\",\"itemListElement\":[{\"@type\":\"ListItem\",\"position\":1,\"name\":\"In\u00edcio\",\"item\":\"https:\/\/mindkids.net\/novo\/\"},{\"@type\":\"ListItem\",\"position\":2,\"name\":\"Professores\",\"item\":\"https:\/\/mindkids.net\/novo\/professores\/\"},{\"@type\":\"ListItem\",\"position\":3,\"name\":\"Alline Lyra Santana\"}]},{\"@type\":\"WebSite\",\"@id\":\"https:\/\/mindkids.net\/novo\/#website\",\"url\":\"https:\/\/mindkids.net\/novo\/\",\"name\":\"MindKids\",\"description\":\"\",\"potentialAction\":[{\"@type\":\"SearchAction\",\"target\":{\"@type\":\"EntryPoint\",\"urlTemplate\":\"https:\/\/mindkids.net\/novo\/?s={search_term_string}\"},\"query-input\":{\"@type\":\"PropertyValueSpecification\",\"valueRequired\":true,\"valueName\":\"search_term_string\"}}],\"inLanguage\":\"pt-BR\"}]}<\/script>\n<!-- \/ Yoast SEO plugin. -->","yoast_head_json":{"title":"Alline Lyra Santana - MindKids","robots":{"index":"index","follow":"follow","max-snippet":"max-snippet:-1","max-image-preview":"max-image-preview:large","max-video-preview":"max-video-preview:-1"},"canonical":"https:\/\/mindkids.net\/novo\/professores\/alline-lyra-santana\/","og_locale":"pt_BR","og_type":"article","og_title":"Alline Lyra Santana - MindKids","og_description":"Terapeuta Complementar, Psicoterapeuta Hol\u00edstica e Terapeuta Metaf\u00edsica. Praticante de medita\u00e7\u00e3o e Mindfulness a mais de 10 anos. Formada em Mindfulness para crian\u00e7as e adolescentes pela Mindkids. Acredito que a mudan\u00e7a que queremos est\u00e1 ao alcance de uma respira\u00e7\u00e3o.","og_url":"https:\/\/mindkids.net\/novo\/professores\/alline-lyra-santana\/","og_site_name":"MindKids","article_modified_time":"2023-01-17T16:48:47+00:00","og_image":[{"width":972,"height":1460,"url":"https:\/\/mindkids.net\/novo\/wp-content\/uploads\/2023\/01\/Alline-Santana.jpg","type":"image\/jpeg"}],"twitter_card":"summary_large_image","twitter_misc":{"Est. tempo de leitura":"1 minuto"},"schema":{"@context":"https:\/\/schema.org","@graph":[{"@type":"WebPage","@id":"https:\/\/mindkids.net\/novo\/professores\/alline-lyra-santana\/","url":"https:\/\/mindkids.net\/novo\/professores\/alline-lyra-santana\/","name":"Alline Lyra Santana - MindKids","isPartOf":{"@id":"https:\/\/mindkids.net\/novo\/#website"},"primaryImageOfPage":{"@id":"https:\/\/mindkids.net\/novo\/professores\/alline-lyra-santana\/#primaryimage"},"image":{"@id":"https:\/\/mindkids.net\/novo\/professores\/alline-lyra-santana\/#primaryimage"},"thumbnailUrl":"https:\/\/mindkids.net\/novo\/wp-content\/uploads\/2023\/01\/Alline-Santana.jpg","datePublished":"2023-01-17T16:37:25+00:00","dateModified":"2023-01-17T16:48:47+00:00","breadcrumb":{"@id":"https:\/\/mindkids.net\/novo\/professores\/alline-lyra-santana\/#breadcrumb"},"inLanguage":"pt-BR","potentialAction":[{"@type":"ReadAction","target":["https:\/\/mindkids.net\/novo\/professores\/alline-lyra-santana\/"]}]},{"@type":"ImageObject","inLanguage":"pt-BR","@id":"https:\/\/mindkids.net\/novo\/professores\/alline-lyra-santana\/#primaryimage","url":"https:\/\/mindkids.net\/novo\/wp-content\/uploads\/2023\/01\/Alline-Santana.jpg","contentUrl":"https:\/\/mindkids.net\/novo\/wp-content\/uploads\/2023\/01\/Alline-Santana.jpg","width":972,"height":1460},{"@type":"BreadcrumbList","@id":"https:\/\/mindkids.net\/novo\/professores\/alline-lyra-santana\/#breadcrumb","itemListElement":[{"@type":"ListItem","position":1,"name":"In\u00edcio","item":"https:\/\/mindkids.net\/novo\/"},{"@type":"ListItem","position":2,"name":"Professores","item":"https:\/\/mindkids.net\/novo\/professores\/"},{"@type":"ListItem","position":3,"name":"Alline Lyra Santana"}]},{"@type":"WebSite","@id":"https:\/\/mindkids.net\/novo\/#website","url":"https:\/\/mindkids.net\/novo\/","name":"MindKids","description":"","potentialAction":[{"@type":"SearchAction","target":{"@type":"EntryPoint","urlTemplate":"https:\/\/mindkids.net\/novo\/?s={search_term_string}"},"query-input":{"@type":"PropertyValueSpecification","valueRequired":true,"valueName":"search_term_string"}}],"inLanguage":"pt-BR"}]}},"_links":{"self":[{"href":"https:\/\/mindkids.net\/novo\/wp-json\/wp\/v2\/professores\/11380"}],"collection":[{"href":"https:\/\/mindkids.net\/novo\/wp-json\/wp\/v2\/professores"}],"about":[{"href":"https:\/\/mindkids.net\/novo\/wp-json\/wp\/v2\/types\/professores"}],"wp:featuredmedia":[{"embeddable":true,"href":"https:\/\/mindkids.net\/novo\/wp-json\/wp\/v2\/media\/11381"}],"wp:attachment":[{"href":"https:\/\/mindkids.net\/novo\/wp-json\/wp\/v2\/media?parent=11380"}],"wp:term":[{"taxonomy":"bairro-professores","embeddable":true,"href":"https:\/\/mindkids.net\/novo\/wp-json\/wp\/v2\/bairro-professores?post=11380"}],"curies":[{"name":"wp","href":"https:\/\/api.w.org\/{rel}","templated":true}]}}

<p>Terapeuta Complementar, Psicoterapeuta Holística e Terapeuta Metafísica. Praticante de meditação e Mindfulness a mais de 10 anos. Formada em Mindfulness para crianças e adolescentes pela <em>Mindkids</em>. Acredito que a mudança que queremos está ao alcance de uma respiração.</p>

<!-- This site is optimized with the Yoast SEO plugin v24.5 - https://yoast.com/wordpress/plugins/seo/ -->
<title>Alline Lyra Santana - MindKids</title>
<meta name="robots" content="index, follow, max-snippet:-1, max-image-preview:large, max-video-preview:-1" />
<link rel="canonical" href="https://mindkids.net/novo/professores/alline-lyra-santana/" />
<meta property="og:locale" content="pt_BR" />
<meta property="og:type" content="article" />
<meta property="og:title" content="Alline Lyra Santana - MindKids" />
<meta property="og:description" content="Terapeuta Complementar, Psicoterapeuta Holística e Terapeuta Metafísica. Praticante de meditação e Mindfulness a mais de 10 anos. Formada em Mindfulness para crianças e adolescentes pela Mindkids. Acredito que a mudança que queremos está ao alcance de uma respiração." />
<meta property="og:url" content="https://mindkids.net/novo/professores/alline-lyra-santana/" />
<meta property="og:site_name" content="MindKids" />
<meta property="article:modified_time" content="2023-01-17T16:48:47+00:00" />
<meta property="og:image" content="https://mindkids.net/novo/wp-content/uploads/2023/01/Alline-Santana.jpg" />
	<meta property="og:image:width" content="972" />
	<meta property="og:image:height" content="1460" />
	<meta property="og:image:type" content="image/jpeg" />
<meta name="twitter:card" content="summary_large_image" />
<meta name="twitter:label1" content="Est. tempo de leitura" />
	<meta name="twitter:data1" content="1 minuto" />
<script type="application/ld+json" class="yoast-schema-graph">{"@context":"https://schema.org","@graph":[{"@type":"WebPage","@id":"https://mindkids.net/novo/professores/alline-lyra-santana/","url":"https://mindkids.net/novo/professores/alline-lyra-santana/","name":"Alline Lyra Santana - MindKids","isPartOf":{"@id":"https://mindkids.net/novo/#website"},"primaryImageOfPage":{"@id":"https://mindkids.net/novo/professores/alline-lyra-santana/#primaryimage"},"image":{"@id":"https://mindkids.net/novo/professores/alline-lyra-santana/#primaryimage"},"thumbnailUrl":"https://mindkids.net/novo/wp-content/uploads/2023/01/Alline-Santana.jpg","datePublished":"2023-01-17T16:37:25+00:00","dateModified":"2023-01-17T16:48:47+00:00","breadcrumb":{"@id":"https://mindkids.net/novo/professores/alline-lyra-santana/#breadcrumb"},"inLanguage":"pt-BR","potentialAction":[{"@type":"ReadAction","target":["https://mindkids.net/novo/professores/alline-lyra-santana/"]}]},{"@type":"ImageObject","inLanguage":"pt-BR","@id":"https://mindkids.net/novo/professores/alline-lyra-santana/#primaryimage","url":"https://mindkids.net/novo/wp-content/uploads/2023/01/Alline-Santana.jpg","contentUrl":"https://mindkids.net/novo/wp-content/uploads/2023/01/Alline-Santana.jpg","width":972,"height":1460},{"@type":"BreadcrumbList","@id":"https://mindkids.net/novo/professores/alline-lyra-santana/#breadcrumb","itemListElement":[{"@type":"ListItem","position":1,"name":"Início","item":"https://mindkids.net/novo/"},{"@type":"ListItem","position":2,"name":"Professores","item":"https://mindkids.net/novo/professores/"},{"@type":"ListItem","position":3,"name":"Alline Lyra Santana"}]},{"@type":"WebSite","@id":"https://mindkids.net/novo/#website","url":"https://mindkids.net/novo/","name":"MindKids","description":"","potentialAction":[{"@type":"SearchAction","target":{"@type":"EntryPoint","urlTemplate":"https://mindkids.net/novo/?s={search_term_string}"},"query-input":{"@type":"PropertyValueSpecification","valueRequired":true,"valueName":"search_term_string"}}],"inLanguage":"pt-BR"}]}</script>
<!-- / Yoast SEO plugin. -->

Terapeuta Complementar, Psicoterapeuta Holística e Terapeuta Metafísica. Praticante de meditação e Mindfulness a mais de 10 anos. Formada em Mindfulness para crianças e adolescentes pela Mindkids. Acredito que a mudança que queremos está ao alcance de uma respiração.

Início
