
{"id":11376,"date":"2023-01-17T09:05:24","date_gmt":"2023-01-17T12:05:24","guid":{"rendered":"https:\/\/mindkids.net\/novo\/?post_type=professores&#038;p=11376"},"modified":"2023-01-17T09:12:36","modified_gmt":"2023-01-17T12:12:36","slug":"fernanda-ribeiro-naves-dias","status":"publish","type":"professores","link":"https:\/\/mindkids.net\/novo\/professores\/fernanda-ribeiro-naves-dias\/","title":{"rendered":"Fernanda Ribeiro Naves Dias"},"content":{"rendered":"<p>Pedagoga, fisioterapeuta, e instrutora de Mindfulness para adultos pelo Mente Aberta &#8211; Unifesp e instrutora de crian\u00e7as e adolescentes pela <em>MindKids<\/em>. Encontrou no Mindfulness um caminho de autocuidado e transforma\u00e7\u00e3o, e tocada pelos benef\u00edcios da pr\u00e1tica pessoal em sua vida, resolveu dedicar-se aos cursos de forma\u00e7\u00e3o em Mindfulness para compartilhar essa ferramenta que transformou sua vida para outras pessoas.<\/p>\n","protected":false},"featured_media":11377,"template":"","meta":{"_links_to":"","_links_to_target":""},"bairro-professores":[],"yoast_head":"<!-- This site is optimized with the Yoast SEO plugin v24.5 - https:\/\/yoast.com\/wordpress\/plugins\/seo\/ -->\n<title>Fernanda Ribeiro Naves Dias - MindKids<\/title>\n<meta name=\"robots\" content=\"index, follow, max-snippet:-1, max-image-preview:large, max-video-preview:-1\" \/>\n<link rel=\"canonical\" href=\"https:\/\/mindkids.net\/novo\/professores\/fernanda-ribeiro-naves-dias\/\" \/>\n<meta property=\"og:locale\" content=\"pt_BR\" \/>\n<meta property=\"og:type\" content=\"article\" \/>\n<meta property=\"og:title\" content=\"Fernanda Ribeiro Naves Dias - MindKids\" \/>\n<meta property=\"og:description\" content=\"Pedagoga, fisioterapeuta, e instrutora de Mindfulness para adultos pelo Mente Aberta &#8211; Unifesp e instrutora de crian\u00e7as e adolescentes pela MindKids. Encontrou no Mindfulness um caminho de autocuidado e transforma\u00e7\u00e3o, e tocada pelos benef\u00edcios da pr\u00e1tica pessoal em sua vida, resolveu dedicar-se aos cursos de forma\u00e7\u00e3o em Mindfulness para compartilhar essa ferramenta que transformou sua [&hellip;]\" \/>\n<meta property=\"og:url\" content=\"https:\/\/mindkids.net\/novo\/professores\/fernanda-ribeiro-naves-dias\/\" \/>\n<meta property=\"og:site_name\" content=\"MindKids\" \/>\n<meta property=\"article:modified_time\" content=\"2023-01-17T12:12:36+00:00\" \/>\n<meta property=\"og:image\" content=\"https:\/\/mindkids.net\/novo\/wp-content\/uploads\/2023\/01\/Fernanda-Naves.jpeg\" \/>\n\t<meta property=\"og:image:width\" content=\"679\" \/>\n\t<meta property=\"og:image:height\" content=\"686\" \/>\n\t<meta property=\"og:image:type\" content=\"image\/jpeg\" \/>\n<meta name=\"twitter:card\" content=\"summary_large_image\" \/>\n<meta name=\"twitter:label1\" content=\"Est. tempo de leitura\" \/>\n\t<meta name=\"twitter:data1\" content=\"1 minuto\" \/>\n<script type=\"application\/ld+json\" class=\"yoast-schema-graph\">{\"@context\":\"https:\/\/schema.org\",\"@graph\":[{\"@type\":\"WebPage\",\"@id\":\"https:\/\/mindkids.net\/novo\/professores\/fernanda-ribeiro-naves-dias\/\",\"url\":\"https:\/\/mindkids.net\/novo\/professores\/fernanda-ribeiro-naves-dias\/\",\"name\":\"Fernanda Ribeiro Naves Dias - MindKids\",\"isPartOf\":{\"@id\":\"https:\/\/mindkids.net\/novo\/#website\"},\"primaryImageOfPage\":{\"@id\":\"https:\/\/mindkids.net\/novo\/professores\/fernanda-ribeiro-naves-dias\/#primaryimage\"},\"image\":{\"@id\":\"https:\/\/mindkids.net\/novo\/professores\/fernanda-ribeiro-naves-dias\/#primaryimage\"},\"thumbnailUrl\":\"https:\/\/mindkids.net\/novo\/wp-content\/uploads\/2023\/01\/Fernanda-Naves.jpeg\",\"datePublished\":\"2023-01-17T12:05:24+00:00\",\"dateModified\":\"2023-01-17T12:12:36+00:00\",\"breadcrumb\":{\"@id\":\"https:\/\/mindkids.net\/novo\/professores\/fernanda-ribeiro-naves-dias\/#breadcrumb\"},\"inLanguage\":\"pt-BR\",\"potentialAction\":[{\"@type\":\"ReadAction\",\"target\":[\"https:\/\/mindkids.net\/novo\/professores\/fernanda-ribeiro-naves-dias\/\"]}]},{\"@type\":\"ImageObject\",\"inLanguage\":\"pt-BR\",\"@id\":\"https:\/\/mindkids.net\/novo\/professores\/fernanda-ribeiro-naves-dias\/#primaryimage\",\"url\":\"https:\/\/mindkids.net\/novo\/wp-content\/uploads\/2023\/01\/Fernanda-Naves.jpeg\",\"contentUrl\":\"https:\/\/mindkids.net\/novo\/wp-content\/uploads\/2023\/01\/Fernanda-Naves.jpeg\",\"width\":679,\"height\":686},{\"@type\":\"BreadcrumbList\",\"@id\":\"https:\/\/mindkids.net\/novo\/professores\/fernanda-ribeiro-naves-dias\/#breadcrumb\",\"itemListElement\":[{\"@type\":\"ListItem\",\"position\":1,\"name\":\"In\u00edcio\",\"item\":\"https:\/\/mindkids.net\/novo\/\"},{\"@type\":\"ListItem\",\"position\":2,\"name\":\"Professores\",\"item\":\"https:\/\/mindkids.net\/novo\/professores\/\"},{\"@type\":\"ListItem\",\"position\":3,\"name\":\"Fernanda Ribeiro Naves Dias\"}]},{\"@type\":\"WebSite\",\"@id\":\"https:\/\/mindkids.net\/novo\/#website\",\"url\":\"https:\/\/mindkids.net\/novo\/\",\"name\":\"MindKids\",\"description\":\"\",\"potentialAction\":[{\"@type\":\"SearchAction\",\"target\":{\"@type\":\"EntryPoint\",\"urlTemplate\":\"https:\/\/mindkids.net\/novo\/?s={search_term_string}\"},\"query-input\":{\"@type\":\"PropertyValueSpecification\",\"valueRequired\":true,\"valueName\":\"search_term_string\"}}],\"inLanguage\":\"pt-BR\"}]}<\/script>\n<!-- \/ Yoast SEO plugin. -->","yoast_head_json":{"title":"Fernanda Ribeiro Naves Dias - MindKids","robots":{"index":"index","follow":"follow","max-snippet":"max-snippet:-1","max-image-preview":"max-image-preview:large","max-video-preview":"max-video-preview:-1"},"canonical":"https:\/\/mindkids.net\/novo\/professores\/fernanda-ribeiro-naves-dias\/","og_locale":"pt_BR","og_type":"article","og_title":"Fernanda Ribeiro Naves Dias - MindKids","og_description":"Pedagoga, fisioterapeuta, e instrutora de Mindfulness para adultos pelo Mente Aberta &#8211; Unifesp e instrutora de crian\u00e7as e adolescentes pela MindKids. Encontrou no Mindfulness um caminho de autocuidado e transforma\u00e7\u00e3o, e tocada pelos benef\u00edcios da pr\u00e1tica pessoal em sua vida, resolveu dedicar-se aos cursos de forma\u00e7\u00e3o em Mindfulness para compartilhar essa ferramenta que transformou sua [&hellip;]","og_url":"https:\/\/mindkids.net\/novo\/professores\/fernanda-ribeiro-naves-dias\/","og_site_name":"MindKids","article_modified_time":"2023-01-17T12:12:36+00:00","og_image":[{"width":679,"height":686,"url":"https:\/\/mindkids.net\/novo\/wp-content\/uploads\/2023\/01\/Fernanda-Naves.jpeg","type":"image\/jpeg"}],"twitter_card":"summary_large_image","twitter_misc":{"Est. tempo de leitura":"1 minuto"},"schema":{"@context":"https:\/\/schema.org","@graph":[{"@type":"WebPage","@id":"https:\/\/mindkids.net\/novo\/professores\/fernanda-ribeiro-naves-dias\/","url":"https:\/\/mindkids.net\/novo\/professores\/fernanda-ribeiro-naves-dias\/","name":"Fernanda Ribeiro Naves Dias - MindKids","isPartOf":{"@id":"https:\/\/mindkids.net\/novo\/#website"},"primaryImageOfPage":{"@id":"https:\/\/mindkids.net\/novo\/professores\/fernanda-ribeiro-naves-dias\/#primaryimage"},"image":{"@id":"https:\/\/mindkids.net\/novo\/professores\/fernanda-ribeiro-naves-dias\/#primaryimage"},"thumbnailUrl":"https:\/\/mindkids.net\/novo\/wp-content\/uploads\/2023\/01\/Fernanda-Naves.jpeg","datePublished":"2023-01-17T12:05:24+00:00","dateModified":"2023-01-17T12:12:36+00:00","breadcrumb":{"@id":"https:\/\/mindkids.net\/novo\/professores\/fernanda-ribeiro-naves-dias\/#breadcrumb"},"inLanguage":"pt-BR","potentialAction":[{"@type":"ReadAction","target":["https:\/\/mindkids.net\/novo\/professores\/fernanda-ribeiro-naves-dias\/"]}]},{"@type":"ImageObject","inLanguage":"pt-BR","@id":"https:\/\/mindkids.net\/novo\/professores\/fernanda-ribeiro-naves-dias\/#primaryimage","url":"https:\/\/mindkids.net\/novo\/wp-content\/uploads\/2023\/01\/Fernanda-Naves.jpeg","contentUrl":"https:\/\/mindkids.net\/novo\/wp-content\/uploads\/2023\/01\/Fernanda-Naves.jpeg","width":679,"height":686},{"@type":"BreadcrumbList","@id":"https:\/\/mindkids.net\/novo\/professores\/fernanda-ribeiro-naves-dias\/#breadcrumb","itemListElement":[{"@type":"ListItem","position":1,"name":"In\u00edcio","item":"https:\/\/mindkids.net\/novo\/"},{"@type":"ListItem","position":2,"name":"Professores","item":"https:\/\/mindkids.net\/novo\/professores\/"},{"@type":"ListItem","position":3,"name":"Fernanda Ribeiro Naves Dias"}]},{"@type":"WebSite","@id":"https:\/\/mindkids.net\/novo\/#website","url":"https:\/\/mindkids.net\/novo\/","name":"MindKids","description":"","potentialAction":[{"@type":"SearchAction","target":{"@type":"EntryPoint","urlTemplate":"https:\/\/mindkids.net\/novo\/?s={search_term_string}"},"query-input":{"@type":"PropertyValueSpecification","valueRequired":true,"valueName":"search_term_string"}}],"inLanguage":"pt-BR"}]}},"_links":{"self":[{"href":"https:\/\/mindkids.net\/novo\/wp-json\/wp\/v2\/professores\/11376"}],"collection":[{"href":"https:\/\/mindkids.net\/novo\/wp-json\/wp\/v2\/professores"}],"about":[{"href":"https:\/\/mindkids.net\/novo\/wp-json\/wp\/v2\/types\/professores"}],"wp:featuredmedia":[{"embeddable":true,"href":"https:\/\/mindkids.net\/novo\/wp-json\/wp\/v2\/media\/11377"}],"wp:attachment":[{"href":"https:\/\/mindkids.net\/novo\/wp-json\/wp\/v2\/media?parent=11376"}],"wp:term":[{"taxonomy":"bairro-professores","embeddable":true,"href":"https:\/\/mindkids.net\/novo\/wp-json\/wp\/v2\/bairro-professores?post=11376"}],"curies":[{"name":"wp","href":"https:\/\/api.w.org\/{rel}","templated":true}]}}

<p>Pedagoga, fisioterapeuta, e instrutora de Mindfulness para adultos pelo Mente Aberta &#8211; Unifesp e instrutora de crianças e adolescentes pela <em>MindKids</em>. Encontrou no Mindfulness um caminho de autocuidado e transformação, e tocada pelos benefícios da prática pessoal em sua vida, resolveu dedicar-se aos cursos de formação em Mindfulness para compartilhar essa ferramenta que transformou sua vida para outras pessoas.</p>

<!-- This site is optimized with the Yoast SEO plugin v24.5 - https://yoast.com/wordpress/plugins/seo/ -->
<title>Fernanda Ribeiro Naves Dias - MindKids</title>
<meta name="robots" content="index, follow, max-snippet:-1, max-image-preview:large, max-video-preview:-1" />
<link rel="canonical" href="https://mindkids.net/novo/professores/fernanda-ribeiro-naves-dias/" />
<meta property="og:locale" content="pt_BR" />
<meta property="og:type" content="article" />
<meta property="og:title" content="Fernanda Ribeiro Naves Dias - MindKids" />
<meta property="og:description" content="Pedagoga, fisioterapeuta, e instrutora de Mindfulness para adultos pelo Mente Aberta &#8211; Unifesp e instrutora de crianças e adolescentes pela MindKids. Encontrou no Mindfulness um caminho de autocuidado e transformação, e tocada pelos benefícios da prática pessoal em sua vida, resolveu dedicar-se aos cursos de formação em Mindfulness para compartilhar essa ferramenta que transformou sua [&hellip;]" />
<meta property="og:url" content="https://mindkids.net/novo/professores/fernanda-ribeiro-naves-dias/" />
<meta property="og:site_name" content="MindKids" />
<meta property="article:modified_time" content="2023-01-17T12:12:36+00:00" />
<meta property="og:image" content="https://mindkids.net/novo/wp-content/uploads/2023/01/Fernanda-Naves.jpeg" />
	<meta property="og:image:width" content="679" />
	<meta property="og:image:height" content="686" />
	<meta property="og:image:type" content="image/jpeg" />
<meta name="twitter:card" content="summary_large_image" />
<meta name="twitter:label1" content="Est. tempo de leitura" />
	<meta name="twitter:data1" content="1 minuto" />
<script type="application/ld+json" class="yoast-schema-graph">{"@context":"https://schema.org","@graph":[{"@type":"WebPage","@id":"https://mindkids.net/novo/professores/fernanda-ribeiro-naves-dias/","url":"https://mindkids.net/novo/professores/fernanda-ribeiro-naves-dias/","name":"Fernanda Ribeiro Naves Dias - MindKids","isPartOf":{"@id":"https://mindkids.net/novo/#website"},"primaryImageOfPage":{"@id":"https://mindkids.net/novo/professores/fernanda-ribeiro-naves-dias/#primaryimage"},"image":{"@id":"https://mindkids.net/novo/professores/fernanda-ribeiro-naves-dias/#primaryimage"},"thumbnailUrl":"https://mindkids.net/novo/wp-content/uploads/2023/01/Fernanda-Naves.jpeg","datePublished":"2023-01-17T12:05:24+00:00","dateModified":"2023-01-17T12:12:36+00:00","breadcrumb":{"@id":"https://mindkids.net/novo/professores/fernanda-ribeiro-naves-dias/#breadcrumb"},"inLanguage":"pt-BR","potentialAction":[{"@type":"ReadAction","target":["https://mindkids.net/novo/professores/fernanda-ribeiro-naves-dias/"]}]},{"@type":"ImageObject","inLanguage":"pt-BR","@id":"https://mindkids.net/novo/professores/fernanda-ribeiro-naves-dias/#primaryimage","url":"https://mindkids.net/novo/wp-content/uploads/2023/01/Fernanda-Naves.jpeg","contentUrl":"https://mindkids.net/novo/wp-content/uploads/2023/01/Fernanda-Naves.jpeg","width":679,"height":686},{"@type":"BreadcrumbList","@id":"https://mindkids.net/novo/professores/fernanda-ribeiro-naves-dias/#breadcrumb","itemListElement":[{"@type":"ListItem","position":1,"name":"Início","item":"https://mindkids.net/novo/"},{"@type":"ListItem","position":2,"name":"Professores","item":"https://mindkids.net/novo/professores/"},{"@type":"ListItem","position":3,"name":"Fernanda Ribeiro Naves Dias"}]},{"@type":"WebSite","@id":"https://mindkids.net/novo/#website","url":"https://mindkids.net/novo/","name":"MindKids","description":"","potentialAction":[{"@type":"SearchAction","target":{"@type":"EntryPoint","urlTemplate":"https://mindkids.net/novo/?s={search_term_string}"},"query-input":{"@type":"PropertyValueSpecification","valueRequired":true,"valueName":"search_term_string"}}],"inLanguage":"pt-BR"}]}</script>
<!-- / Yoast SEO plugin. -->

Pedagoga, fisioterapeuta, e instrutora de Mindfulness para adultos pelo Mente Aberta &#8211; Unifesp e instrutora de crianças e adolescentes pela MindKids. Encontrou no Mindfulness um caminho de autocuidado e transformação, e tocada pelos benefícios da prática pessoal em sua vida, resolveu dedicar-se aos cursos de formação em Mindfulness para compartilhar essa ferramenta que transformou sua [&hellip;]

Início
